False
Is 58065 a multiple of 21?
True
Does 64 divide 256?
True
Does 3 divide 16?
False
Is 22 a factor of 205?
False
Does 13 divide 11514?
False
Is 11 a factor of 7228?
False
Does 174 divide 74701?
False
Is 1157 a multiple of 22?
False
Is 3185 a multiple of 97?
False
Is 105 a factor of 18270?
True
Does 30 divide 231?
False
Does 6 divide 2164?
False
Is 24 a factor of 9744?
True
Is 56 a factor of 10134?
False
Is 234 a multiple of 18?
True
Does 58 divide 1013?
False
Is 22385 a multiple of 28?
False
Is 32 a factor of 635?
False
Is 126 a factor of 5040?
True
Is 14154 a multiple of 20?
False
Is 22680 a multiple of 70?
True
Does 129 divide 7681?
False
Is 114534 a multiple of 303?
True
Is 7914 a multiple of 20?
False
Is 2 a factor of 39?
False
Is 58976 a multiple of 19?
True
Is 35 a factor of 1085?
True
Is 39841 a multiple of 15?
False
Does 15 divide 314?
False
Is 20 a multiple of 6?
False
Is 17 a factor of 1947?
False
Is 87 a factor of 4298?
False
Is 20 a factor of 103?
False
Is 30 a factor of 24090?
True
Is 1102 a multiple of 29?
True
Is 34 a factor of 12512?
True
Does 5 divide 1375?
True
Is 15 a factor of 355?
False
Is 167 a multiple of 5?
False
Is 40 a factor of 12960?
True
Is 2133 a multiple of 79?
True
Does 26 divide 778?
False
Is 2 a factor of 447?
False
Is 949 a multiple of 13?
True
Is 253 a multiple of 2?
False
Is 6280 a multiple of 8?
True
Is 11 a factor of 34287?
True
Is 78 a factor of 21060?
True
Is 40 a factor of 4859?
False
Is 1624 a multiple of 44?
False
Is 3824 a multiple of 16?
True
Is 405 a multiple of 34?
False
Does 17 divide 37288?
False
Is 21 a factor of 96930?
False
Does 2 divide 1245?
False
Is 18 a factor of 67284?
True
Is 11 a factor of 8184?
True
Is 649 a multiple of 14?
False
Does 9 divide 4006?
False
Does 35 divide 1263?
False
Is 17 a factor of 3623?
False
Is 49217 a multiple of 59?
False
Is 10333 even?
False
Is 155 a factor of 4475?
False
Does 8 divide 1132?
False
Does 30 divide 9270?
True
Does 98 divide 1334?
False
Does 21 divide 388?
False
Is 9 a factor of 261?
True
Is 33 a factor of 3966?
False
Is 13 a factor of 76765?
True
Is 1035 a multiple of 15?
True
Is 36893 a multiple of 319?
False
Does 14 divide 1489?
False
Is 13 a factor of 1274?
True
Does 9 divide 18522?
True
Is 135 a factor of 4995?
True
Is 27 a factor of 100369?
False
Is 3 a factor of 606?
True
Does 25 divide 300?
True
Does 52 divide 3285?
False
Is 7 a factor of 1094?
False
Is 786 a multiple of 51?
False
Is 658 a multiple of 47?
True
Is 30730 a multiple of 5?
True
Does 13 divide 50498?
False
Is 476 a multiple of 2?
True
Is 33078 a multiple of 74?
True
Does 10 divide 1780?
True
Does 56 divide 1512?
True
Does 20 divide 840?
True
Is 4 a factor of 10619?
False
Is 431 a multiple of 9?
False
Is 36880 a multiple of 40?
True
Does 35 divide 207?
False
Is 65 a factor of 34710?
True
Is 8820 a multiple of 126?
True
Is 5 a factor of 1550?
True
Is 68 a factor of 1156?
True
Does 16 divide 1192?
False
Is 803 a multiple of 11?
True
Is 996 a multiple of 38?
False
Is 117 a factor of 1716?
False
Is 25 a factor of 910?
False
Does 55 divide 86900?
True
Does 11 divide 1353?
True
Does 10 divide 150?
True
Is 84 a factor of 2528?
False
Is 4 a factor of 223?
False
Does 2 divide 885?
False
Does 16 divide 742?
False
Is 9 a factor of 145?
False
Does 230 divide 32200?
True
Is 16 a factor of 125351?
False
Is 40251 a multiple of 50?
False
Is 118 a factor of 12464?
False
Does 65 divide 12805?
True
Is 2431 a multiple of 17?
True
Does 14 divide 7168?
True
Does 45 divide 855?
True
Does 38 divide 716?
False
Is 63 a factor of 39249?
True
Is 125 a factor of 37125?
True
Is 13515 a multiple of 17?
True
Is 51062 a multiple of 119?
False
Does 46 divide 5244?
True
Is 875 a multiple of 3?
False
Is 11 a factor of 73117?
True
Is 94 a factor of 59596?
True
Is 4379 a multiple of 29?
True
Is 22 a factor of 3842?
False
Is 2 a factor of 120?
True
Is 70 a factor of 1592?
False
Is 14 a factor of 13048?
True
Is 9350 a multiple of 17?
True
Is 8245 a multiple of 17?
True
Is 121 a factor of 50699?
True
Is 320 a multiple of 20?
True
Does 6 divide 2133?
False
Is 22694 a multiple of 14?
True
Does 30 divide 4770?
True
Does 31 divide 6117?
False
Is 936 a multiple of 9?
True
Is 50 a multiple of 28?
False
Is 1768 even?
True
Is 9074 a multiple of 13?
True
Is 272 a multiple of 272?
True
Is 8 a factor of 121952?
True
Does 7 divide 81?
False
Is 85 a factor of 661?
False
Does 111 divide 288?
False
Is 62 a factor of 1240?
True
Is 145 a multiple of 11?
False
Does 9 divide 3468?
False
Is 1594 a multiple of 34?
False
Is 58 a factor of 14241?
False
Does 213 divide 84774?
True
Does 10 divide 110?
True
Is 46 a factor of 4417?
False
Is 415 a multiple of 83?
True
Is 32 a factor of 20992?
True
Is 3102 a multiple of 94?
True
Does 69 divide 2967?
True
Is 137 a factor of 274?
True
Is 235 even?
False
Does 8 divide 429?
False
Is 16238 a multiple of 353?
True
Does 24 divide 504?
True
Is 12 a factor of 4404?
True
Is 1275 a multiple of 17?
True
Is 1330 a multiple of 38?
True
Is 31900 a multiple of 24?
False
Does 7 divide 2506?
True
Is 16 a factor of 4528?
True
Is 61626 a multiple of 219?
False
Does 22 divide 11438?
False
Is 347 a multiple of 73?
False
Is 178911 a multiple of 28?
False
Is 247 even?
False
Is 7 a factor of 1446?
False
Is 110 a multiple of 22?
True
Is 102 even?
True
Does 54 divide 1050?
False
Is 84 a factor of 1764?
True
Is 98 a multiple of 4?
False
Is 115016 a multiple of 11?
True
Is 756 a multiple of 6?
True
Is 12 a factor of 4059?
False
Is 3 a factor of 624?
True
Is 47 a factor of 2154?
False
Does 118 divide 16109?
False
Is 18 a factor of 216?
True
Does 40 divide 6008?
False
Does 31 divide 26851?
False
Does 5 divide 10068?
False
Is 838 a multiple of 16?
False
Is 508 a multiple of 4?
True
Is 15851 a multiple of 32?
False
Is 4496 a multiple of 91?
False
Does 90 divide 54000?
True
Does 42 divide 1121?
False
Is 1368 a multiple of 8?
True
Does 5 divide 490?
True
Does 90 divide 3780?
True
Is 1883 a multiple of 46?
False
Is 1547 a multiple of 7?
True
Is 3 a factor of 258?
True
Is 33664 a multiple of 69?
False
Is 23 a factor of 5980?
True
Is 99 a multiple of 28?
False
Does 24 divide 2668?
False
Does 31 divide 837?
True
Is 746 a multiple of 12?
False
Does 146 divide 8760?
True
Does 7 divide 304?
False
Does 4 divide 7572?
True
Does 19 divide 53583?
False
Does 239 divide 59945?
False
Is 63 a factor of 3276?
True
Is 9 a factor of 2144?
False
Is 511 a multiple of 73?
True
Is 16 a factor of 10572?
False
Is 17534 a multiple of 316?
False
Does 62 divide 4379?
False
Does 83 divide 581?
True
Is 534 a multiple of 5?
False
Does 41 divide 486?
False
Is 64152 a multiple of 16?
False
Is 9 a factor of 324?
True
Is 493 a multiple of 3?
False
Is 4641 a multiple of 273?
True
Does 322 divide 76958?
True
Is 40560 a multiple of 312?
True
Does 11 divide 5312?
False
Is 6 a factor of 336?
True
Does 42 divide 840?
True
Is 28 a factor of 4115?
False
Is 3034 a multiple of 8?
False
Is 42134 a multiple of 16?
False
Is 6336 a multiple of 16?
True
Does 6 divide 540?
True
Does 50 divide 19132?
False
Is 8 a factor of 12629?
False
Is 16 a factor of 21616?
True
Is 8811 a multiple of 89?
True
Is 10402 a multiple of 16?
False
Does 2 divide 88?
True
Does 52 divide 6916?
True
Is 28816 a multiple of 13?
False
Is 2608 a multiple of 16?
True
Is 135 a factor of 27566?
False
Is 101 a factor of 1804?
False
Is 19294 a multiple of 22?
True
Does 5 divide 202?
False
Is 3060 a multiple of 12?
True
Does 93 divide 8835?
True
Does 2 divide 81?
False
Does 12 divide 1368?
True
Is 17 a multiple of 2?
False
Is 3 a factor of 1200?
True
Is 31 a factor of 796?
False
Does 17 divide 5880?
False
Is 2 a factor of 103?
False
Is 15 a factor of 585?
True
Does 8 divide 3600?
True
Is 140 a multiple of 6?
False
Does 188 divide 13348?
True
Is 24882 a multiple of 87?
True
Is 66 a factor of 266?
False
Is 25 a factor of 550?
True
Is 42 a factor of 43927?
False
Does 17 divide 714?
True
Is 9693 a multiple of 27?
True
Is 53 a factor of 33496?
True
Is 9 a factor of 3636?
True
Is 4 a factor of 4196?
True
Is 357 a multiple of 6?
False
Is 139 a factor of 36001?
True
Is 981 a multiple of 2?
False
Is 14 a factor of 1409?
False
Is 13 a factor of 7929?
False
Is 57 a factor of 65124?
False
Is 162 a multiple of 10?
False
